{"id":23347,"date":"2022-02-17T17:09:57","date_gmt":"2022-02-17T16:09:57","guid":{"rendered":"http:\/\/leegolfcenter.at\/w\/?page_id=23347"},"modified":"2024-04-18T21:08:04","modified_gmt":"2024-04-18T19:08:04","slug":"home","status":"publish","type":"page","link":"http:\/\/leegolfcenter.at\/w\/","title":{"rendered":"Home"},"content":{"rendered":"<p>[vc_row row_type=&#8220;row&#8220; use_row_as_full_screen_section=&#8220;no&#8220; type=&#8220;full_width&#8220; text_align=&#8220;left&#8220; background_animation=&#8220;none&#8220; css_animation=&#8220;&#8220;][vc_column css=&#8220;.vc_custom_1645277896080{margin-top: 0px !important;}&#8220;][layerslider_vc id=&#8220;1&#8243;][\/vc_column][\/vc_row][vc_row row_type=&#8220;row&#8220; use_row_as_full_screen_section=&#8220;no&#8220; type=&#8220;full_width&#8220; text_align=&#8220;left&#8220; background_animation=&#8220;none&#8220; padding_top=&#8220;15&#8243; css_animation=&#8220;&#8220;][vc_column css=&#8220;.vc_custom_1645277868033{margin-top: 0px !important;}&#8220;][vc_column_text css=&#8220;.vc_custom_1713467287764{border-top-width: 10px !important;}&#8220;]Jeder Golfer m\u00f6chte in der Lage sein, weiter zu schlagen, Hook oder Slices zu vermeiden und leichter zu treffen, oder?<\/p>\n<p>&nbsp;<\/p>\n<p>Der Honma Schl\u00e4ger, der diesen Wunsch erf\u00fcllen wird, wurde 2024 ver\u00f6ffentlicht.<br \/>\nDerzeit ist das neue Modell Beres 09 f\u00fcr Frauen und M\u00e4nner erh\u00e4ltlich und wird bald erstmals seit sechs Jahren auch f\u00fcr Linksh\u00e4nder auf den Markt kommen.<\/p>\n<p>&nbsp;<\/p>\n<p>Die Reaktionen der Kunden, HONMA BERES 09, die das neue Modell bisher getestet haben, sind . . .<\/p>\n<p>&nbsp;<\/p>\n<p>\u201eEs schwimmt m\u00e4\u00dfig und hat eine sehr gute Vorw\u00e4rtsdynamik.\u201c<br \/>\n\u201eEs geht auf jeden Fall weiter\u201c<br \/>\n\u201eIch glaube nicht, dass ich die Eisen 4 und 5 brauche. Ich denke, ich kann mit Eisen 6 beginnen, weil es weiter geht.\u201c<br \/>\n\u201eDer Driver f\u00fchlt sich in meinen H\u00e4nden gro\u00dfartig an.\u201c<br \/>\n\u201eSehr leicht zu treffen\u201c<br \/>\n\u201eEs ist erstaunlich, wie geradeaus es auch bei Gegenwind geht.\u201c<br \/>\n\u201eIch verstehe den Wert von Honma.\u201c<br \/>\n\u201eWunderbar! Es flog weitere 20 Meter!\u201c<\/p>\n<p>&nbsp;<\/p>\n<p>Wir m\u00f6chten uns ganz herzlich bei unseren Kunden bedanken, die Interesse an dem neuen Modell gezeigt und uns viele positive Bewertungen gegeben haben.<\/p>\n<p>&nbsp;<\/p>\n<p>Wenn Sie es wirklich ausprobieren m\u00f6chten oder Fragen haben, k\u00f6nnen Sie uns gerne unter <a href=\"http:\/\/leegolfcenter.at\/w\/kontakt\/\">info@leegolfcenter.at<\/a> kontaktieren.[\/vc_column_text][\/vc_column][\/vc_row][vc_row row_type=&#8220;row&#8220; use_row_as_full_screen_section=&#8220;no&#8220; type=&#8220;full_width&#8220; text_align=&#8220;left&#8220; background_animation=&#8220;none&#8220; css_animation=&#8220;&#8220;][vc_column][\/vc_column][\/vc_row]<\/p>\n","protected":false},"excerpt":{"rendered":"<p>[vc_row row_type=&#8220;row&#8220; use_row_as_full_screen_section=&#8220;no&#8220; type=&#8220;full_width&#8220; text_align=&#8220;left&#8220; background_animation=&#8220;none&#8220; css_animation=&#8220;&#8220;][vc_column css=&#8220;.vc_custom_1645277896080{margin-top: 0px !important;}&#8220;][layerslider_vc id=&#8220;1&#8243;][\/vc_column][\/vc_row][vc_row row_type=&#8220;row&#8220; use_row_as_full_screen_section=&#8220;no&#8220; type=&#8220;full_width&#8220; text_align=&#8220;left&#8220; background_animation=&#8220;none&#8220; padding_top=&#8220;15&#8243; css_animation=&#8220;&#8220;][vc_column css=&#8220;.vc_custom_1645277868033{margin-top: 0px !important;}&#8220;][vc_column_text css=&#8220;.vc_custom_1713467287764{border-top-width: 10px !important;}&#8220;]Jeder Golfer m\u00f6chte in der Lage sein, weiter zu schlagen, Hook oder Slices zu vermeiden und leichter zu treffen, oder? &nbsp; Der&#8230;<\/p>\n","protected":false},"author":1,"featured_media":0,"parent":0,"menu_order":0,"comment_status":"closed","ping_status":"closed","template":"","meta":{"footnotes":""},"class_list":["post-23347","page","type-page","status-publish","hentry"],"_links":{"self":[{"href":"http:\/\/leegolfcenter.at\/w\/wp-json\/wp\/v2\/pages\/23347","targetHints":{"allow":["GET"]}}],"collection":[{"href":"http:\/\/leegolfcenter.at\/w\/wp-json\/wp\/v2\/pages"}],"about":[{"href":"http:\/\/leegolfcenter.at\/w\/wp-json\/wp\/v2\/types\/page"}],"author":[{"embeddable":true,"href":"http:\/\/leegolfcenter.at\/w\/wp-json\/wp\/v2\/users\/1"}],"replies":[{"embeddable":true,"href":"http:\/\/leegolfcenter.at\/w\/wp-json\/wp\/v2\/comments?post=23347"}],"version-history":[{"count":10,"href":"http:\/\/leegolfcenter.at\/w\/wp-json\/wp\/v2\/pages\/23347\/revisions"}],"predecessor-version":[{"id":23806,"href":"http:\/\/leegolfcenter.at\/w\/wp-json\/wp\/v2\/pages\/23347\/revisions\/23806"}],"wp:attachment":[{"href":"http:\/\/leegolfcenter.at\/w\/wp-json\/wp\/v2\/media?parent=23347"}],"curies":[{"name":"wp","href":"https:\/\/api.w.org\/{rel}","templated":true}]}}